{"id":1258,"date":"2026-04-30T14:40:13","date_gmt":"2026-04-30T12:40:13","guid":{"rendered":"https:\/\/mypolice.sk\/?page_id=1258"},"modified":"2026-04-30T14:50:44","modified_gmt":"2026-04-30T12:50:44","slug":"mobilny-sportovo-strelecky-projekt-oz-mypolice","status":"publish","type":"page","link":"https:\/\/mypolice.sk\/?page_id=1258","title":{"rendered":"Mobiln\u00fd \u0161portovo-streleck\u00fd projekt OZ MyPolice"},"content":{"rendered":"\n<p><strong>Mobiln\u00fd \u0161portovo-streleck\u00fd&nbsp;projekt&nbsp;OZ MyPolice<\/strong><\/p>\n\n\n\n<p><strong>V\u00fdjazdov\u00fd eduka\u010dn\u00fd brann\u00fd t\u00edm OZ MyPolice, <\/strong>                                                                <strong>ktor\u00fd pr\u00edde priamo za Vami Brann\u00e9 dni a kurzy pre deti, ml\u00e1de\u017e, pre: \u0160koly<\/strong>, <strong>T\u00e1bory<\/strong>, <strong>Firmy<\/strong>, <strong>MDD<br><\/strong><\/p>\n\n\n\n<p><strong><a href=\"https:\/\/edukacnytimmypolice-9a24b8.webnode.sk\/\"> V skratke projekt ur\u010den\u00fd pre v\u0161etk\u00fdch, ktor\u00ed maj\u00fa  z\u00e1ujem  rozv\u00edja\u0165 pozit\u00edvne myslenie ml\u00e1de\u017ee.   INFO TU <\/a><br><\/strong><\/p>\n\n\n\n<p><strong>Osveta pr\u00e1ce pol\u00edcie, policajn\u00fdch \u0161pecialistov a brann\u00e9ho \u0161portu, operujeme po celom \u00fazem\u00ed SR<\/strong><br><\/p>\n\n\n\n<figure class=\"wp-block-image size-large\"><img loading=\"lazy\" decoding=\"async\" width=\"1024\" height=\"1024\" src=\"https:\/\/mypolice.sk\/wp-content\/uploads\/2026\/04\/image-1-1024x1024.jpg\" alt=\"\" class=\"wp-image-1268\" srcset=\"https:\/\/mypolice.sk\/wp-content\/uploads\/2026\/04\/image-1-1024x1024.jpg 1024w, https:\/\/mypolice.sk\/wp-content\/uploads\/2026\/04\/image-1-300x300.jpg 300w, https:\/\/mypolice.sk\/wp-content\/uploads\/2026\/04\/image-1-150x150.jpg 150w, https:\/\/mypolice.sk\/wp-content\/uploads\/2026\/04\/image-1-768x768.jpg 768w, https:\/\/mypolice.sk\/wp-content\/uploads\/2026\/04\/image-1.jpg 1128w\" sizes=\"auto, (max-width: 1024px) 100vw, 1024px\" \/><\/figure>\n\n\n\n<figure class=\"wp-block-image size-full is-resized\"><img loading=\"lazy\" decoding=\"async\" width=\"976\" height=\"732\" src=\"https:\/\/mypolice.sk\/wp-content\/uploads\/2026\/04\/image.jpg\" alt=\"\" class=\"wp-image-1267\" style=\"width:361px;height:auto\" srcset=\"https:\/\/mypolice.sk\/wp-content\/uploads\/2026\/04\/image.jpg 976w, https:\/\/mypolice.sk\/wp-content\/uploads\/2026\/04\/image-300x225.jpg 300w, https:\/\/mypolice.sk\/wp-content\/uploads\/2026\/04\/image-768x576.jpg 768w\" sizes=\"auto, (max-width: 976px) 100vw, 976px\" \/><\/figure>\n","protected":false},"excerpt":{"rendered":"<p>Mobiln\u00fd \u0161portovo-streleck\u00fd&nbsp;projekt&nbsp;OZ MyPolice V\u00fdjazdov\u00fd eduka\u010dn\u00fd brann\u00fd t\u00edm OZ MyPolice, ktor\u00fd pr\u00edde priamo za Vami Brann\u00e9 dni a kurzy pre deti, ml\u00e1de\u017e, pre: \u0160koly, T\u00e1bory, Firmy, MDD V skratke projekt ur\u010den\u00fd pre v\u0161etk\u00fdch, ktor\u00ed maj\u00fa z\u00e1ujem rozv\u00edja\u0165 pozit\u00edvne myslenie ml\u00e1de\u017ee. INFO TU Osveta pr\u00e1ce pol\u00edcie, policajn\u00fdch \u0161pecialistov a brann\u00e9ho \u0161portu, operujeme po celom \u00fazem\u00ed SR<\/p>\n","protected":false},"author":1,"featured_media":0,"parent":0,"menu_order":0,"comment_status":"closed","ping_status":"closed","template":"","meta":{"_monsterinsights_skip_tracking":false,"_monsterinsights_sitenote_active":false,"_monsterinsights_sitenote_note":"","_monsterinsights_sitenote_category":0,"footnotes":""},"class_list":["post-1258","page","type-page","status-publish","hentry"],"yoast_head":"<!-- This site is optimized with the Yoast SEO plugin v27.5 - https:\/\/yoast.com\/product\/yoast-seo-wordpress\/ -->\n<title>Mobiln\u00fd \u0161portovo-streleck\u00fd projekt OZ MyPolice - MY POLICE<\/title>\n<meta name=\"robots\" content=\"index, follow, max-snippet:-1, max-image-preview:large, max-video-preview:-1\" \/>\n<link rel=\"canonical\" href=\"https:\/\/mypolice.sk\/?page_id=1258\" \/>\n<meta property=\"og:locale\" content=\"sk_SK\" \/>\n<meta property=\"og:type\" content=\"article\" \/>\n<meta property=\"og:title\" content=\"Mobiln\u00fd \u0161portovo-streleck\u00fd projekt OZ MyPolice - MY POLICE\" \/>\n<meta property=\"og:description\" content=\"Mobiln\u00fd \u0161portovo-streleck\u00fd&nbsp;projekt&nbsp;OZ MyPolice V\u00fdjazdov\u00fd eduka\u010dn\u00fd brann\u00fd t\u00edm OZ MyPolice, ktor\u00fd pr\u00edde priamo za Vami Brann\u00e9 dni a kurzy pre deti, ml\u00e1de\u017e, pre: \u0160koly, T\u00e1bory, Firmy, MDD V skratke projekt ur\u010den\u00fd pre v\u0161etk\u00fdch, ktor\u00ed maj\u00fa z\u00e1ujem rozv\u00edja\u0165 pozit\u00edvne myslenie ml\u00e1de\u017ee. INFO TU Osveta pr\u00e1ce pol\u00edcie, policajn\u00fdch \u0161pecialistov a brann\u00e9ho \u0161portu, operujeme po celom \u00fazem\u00ed SR\" \/>\n<meta property=\"og:url\" content=\"https:\/\/mypolice.sk\/?page_id=1258\" \/>\n<meta property=\"og:site_name\" content=\"MY POLICE\" \/>\n<meta property=\"article:modified_time\" content=\"2026-04-30T12:50:44+00:00\" \/>\n<meta property=\"og:image\" content=\"https:\/\/mypolice.sk\/wp-content\/uploads\/2026\/04\/image-1.jpg\" \/>\n\t<meta property=\"og:image:width\" content=\"1128\" \/>\n\t<meta property=\"og:image:height\" content=\"1128\" \/>\n\t<meta property=\"og:image:type\" content=\"image\/jpeg\" \/>\n<meta name=\"twitter:card\" content=\"summary_large_image\" \/>\n<meta name=\"twitter:label1\" content=\"Predpokladan\u00fd \u010das \u010d\u00edtania\" \/>\n\t<meta name=\"twitter:data1\" content=\"1 min\u00fata\" \/>\n<script type=\"application\/ld+json\" class=\"yoast-schema-graph\">{\"@context\":\"https:\\\/\\\/schema.org\",\"@graph\":[{\"@type\":\"WebPage\",\"@id\":\"https:\\\/\\\/mypolice.sk\\\/?page_id=1258\",\"url\":\"https:\\\/\\\/mypolice.sk\\\/?page_id=1258\",\"name\":\"Mobiln\u00fd \u0161portovo-streleck\u00fd projekt OZ MyPolice - MY POLICE\",\"isPartOf\":{\"@id\":\"https:\\\/\\\/mypolice.sk\\\/#website\"},\"primaryImageOfPage\":{\"@id\":\"https:\\\/\\\/mypolice.sk\\\/?page_id=1258#primaryimage\"},\"image\":{\"@id\":\"https:\\\/\\\/mypolice.sk\\\/?page_id=1258#primaryimage\"},\"thumbnailUrl\":\"https:\\\/\\\/mypolice.sk\\\/wp-content\\\/uploads\\\/2026\\\/04\\\/image-1-1024x1024.jpg\",\"datePublished\":\"2026-04-30T12:40:13+00:00\",\"dateModified\":\"2026-04-30T12:50:44+00:00\",\"breadcrumb\":{\"@id\":\"https:\\\/\\\/mypolice.sk\\\/?page_id=1258#breadcrumb\"},\"inLanguage\":\"sk-SK\",\"potentialAction\":[{\"@type\":\"ReadAction\",\"target\":[\"https:\\\/\\\/mypolice.sk\\\/?page_id=1258\"]}]},{\"@type\":\"ImageObject\",\"inLanguage\":\"sk-SK\",\"@id\":\"https:\\\/\\\/mypolice.sk\\\/?page_id=1258#primaryimage\",\"url\":\"https:\\\/\\\/mypolice.sk\\\/wp-content\\\/uploads\\\/2026\\\/04\\\/image-1.jpg\",\"contentUrl\":\"https:\\\/\\\/mypolice.sk\\\/wp-content\\\/uploads\\\/2026\\\/04\\\/image-1.jpg\",\"width\":1128,\"height\":1128},{\"@type\":\"BreadcrumbList\",\"@id\":\"https:\\\/\\\/mypolice.sk\\\/?page_id=1258#breadcrumb\",\"itemListElement\":[{\"@type\":\"ListItem\",\"position\":1,\"name\":\"Home\",\"item\":\"https:\\\/\\\/mypolice.sk\\\/\"},{\"@type\":\"ListItem\",\"position\":2,\"name\":\"Mobiln\u00fd \u0161portovo-streleck\u00fd projekt OZ MyPolice\"}]},{\"@type\":\"WebSite\",\"@id\":\"https:\\\/\\\/mypolice.sk\\\/#website\",\"url\":\"https:\\\/\\\/mypolice.sk\\\/\",\"name\":\"MY POLICE\",\"description\":\"\u0160portov\u00fd klub ob\u010dianske zdru\u017eenie\",\"publisher\":{\"@id\":\"https:\\\/\\\/mypolice.sk\\\/#organization\"},\"potentialAction\":[{\"@type\":\"SearchAction\",\"target\":{\"@type\":\"EntryPoint\",\"urlTemplate\":\"https:\\\/\\\/mypolice.sk\\\/?s={search_term_string}\"},\"query-input\":{\"@type\":\"PropertyValueSpecification\",\"valueRequired\":true,\"valueName\":\"search_term_string\"}}],\"inLanguage\":\"sk-SK\"},{\"@type\":\"Organization\",\"@id\":\"https:\\\/\\\/mypolice.sk\\\/#organization\",\"name\":\"ozmypolice\",\"url\":\"https:\\\/\\\/mypolice.sk\\\/\",\"logo\":{\"@type\":\"ImageObject\",\"inLanguage\":\"sk-SK\",\"@id\":\"https:\\\/\\\/mypolice.sk\\\/#\\\/schema\\\/logo\\\/image\\\/\",\"url\":\"https:\\\/\\\/mypolice.sk\\\/wp-content\\\/uploads\\\/2018\\\/02\\\/cropped-my-police-logo-e1517646646330-1.png\",\"contentUrl\":\"https:\\\/\\\/mypolice.sk\\\/wp-content\\\/uploads\\\/2018\\\/02\\\/cropped-my-police-logo-e1517646646330-1.png\",\"width\":248,\"height\":228,\"caption\":\"ozmypolice\"},\"image\":{\"@id\":\"https:\\\/\\\/mypolice.sk\\\/#\\\/schema\\\/logo\\\/image\\\/\"}}]}<\/script>\n<!-- \/ Yoast SEO plugin. -->","yoast_head_json":{"title":"Mobiln\u00fd \u0161portovo-streleck\u00fd projekt OZ MyPolice - MY POLICE","robots":{"index":"index","follow":"follow","max-snippet":"max-snippet:-1","max-image-preview":"max-image-preview:large","max-video-preview":"max-video-preview:-1"},"canonical":"https:\/\/mypolice.sk\/?page_id=1258","og_locale":"sk_SK","og_type":"article","og_title":"Mobiln\u00fd \u0161portovo-streleck\u00fd projekt OZ MyPolice - MY POLICE","og_description":"Mobiln\u00fd \u0161portovo-streleck\u00fd&nbsp;projekt&nbsp;OZ MyPolice V\u00fdjazdov\u00fd eduka\u010dn\u00fd brann\u00fd t\u00edm OZ MyPolice, ktor\u00fd pr\u00edde priamo za Vami Brann\u00e9 dni a kurzy pre deti, ml\u00e1de\u017e, pre: \u0160koly, T\u00e1bory, Firmy, MDD V skratke projekt ur\u010den\u00fd pre v\u0161etk\u00fdch, ktor\u00ed maj\u00fa z\u00e1ujem rozv\u00edja\u0165 pozit\u00edvne myslenie ml\u00e1de\u017ee. INFO TU Osveta pr\u00e1ce pol\u00edcie, policajn\u00fdch \u0161pecialistov a brann\u00e9ho \u0161portu, operujeme po celom \u00fazem\u00ed SR","og_url":"https:\/\/mypolice.sk\/?page_id=1258","og_site_name":"MY POLICE","article_modified_time":"2026-04-30T12:50:44+00:00","og_image":[{"width":1128,"height":1128,"url":"https:\/\/mypolice.sk\/wp-content\/uploads\/2026\/04\/image-1.jpg","type":"image\/jpeg"}],"twitter_card":"summary_large_image","twitter_misc":{"Predpokladan\u00fd \u010das \u010d\u00edtania":"1 min\u00fata"},"schema":{"@context":"https:\/\/schema.org","@graph":[{"@type":"WebPage","@id":"https:\/\/mypolice.sk\/?page_id=1258","url":"https:\/\/mypolice.sk\/?page_id=1258","name":"Mobiln\u00fd \u0161portovo-streleck\u00fd projekt OZ MyPolice - MY POLICE","isPartOf":{"@id":"https:\/\/mypolice.sk\/#website"},"primaryImageOfPage":{"@id":"https:\/\/mypolice.sk\/?page_id=1258#primaryimage"},"image":{"@id":"https:\/\/mypolice.sk\/?page_id=1258#primaryimage"},"thumbnailUrl":"https:\/\/mypolice.sk\/wp-content\/uploads\/2026\/04\/image-1-1024x1024.jpg","datePublished":"2026-04-30T12:40:13+00:00","dateModified":"2026-04-30T12:50:44+00:00","breadcrumb":{"@id":"https:\/\/mypolice.sk\/?page_id=1258#breadcrumb"},"inLanguage":"sk-SK","potentialAction":[{"@type":"ReadAction","target":["https:\/\/mypolice.sk\/?page_id=1258"]}]},{"@type":"ImageObject","inLanguage":"sk-SK","@id":"https:\/\/mypolice.sk\/?page_id=1258#primaryimage","url":"https:\/\/mypolice.sk\/wp-content\/uploads\/2026\/04\/image-1.jpg","contentUrl":"https:\/\/mypolice.sk\/wp-content\/uploads\/2026\/04\/image-1.jpg","width":1128,"height":1128},{"@type":"BreadcrumbList","@id":"https:\/\/mypolice.sk\/?page_id=1258#breadcrumb","itemListElement":[{"@type":"ListItem","position":1,"name":"Home","item":"https:\/\/mypolice.sk\/"},{"@type":"ListItem","position":2,"name":"Mobiln\u00fd \u0161portovo-streleck\u00fd projekt OZ MyPolice"}]},{"@type":"WebSite","@id":"https:\/\/mypolice.sk\/#website","url":"https:\/\/mypolice.sk\/","name":"MY POLICE","description":"\u0160portov\u00fd klub ob\u010dianske zdru\u017eenie","publisher":{"@id":"https:\/\/mypolice.sk\/#organization"},"potentialAction":[{"@type":"SearchAction","target":{"@type":"EntryPoint","urlTemplate":"https:\/\/mypolice.sk\/?s={search_term_string}"},"query-input":{"@type":"PropertyValueSpecification","valueRequired":true,"valueName":"search_term_string"}}],"inLanguage":"sk-SK"},{"@type":"Organization","@id":"https:\/\/mypolice.sk\/#organization","name":"ozmypolice","url":"https:\/\/mypolice.sk\/","logo":{"@type":"ImageObject","inLanguage":"sk-SK","@id":"https:\/\/mypolice.sk\/#\/schema\/logo\/image\/","url":"https:\/\/mypolice.sk\/wp-content\/uploads\/2018\/02\/cropped-my-police-logo-e1517646646330-1.png","contentUrl":"https:\/\/mypolice.sk\/wp-content\/uploads\/2018\/02\/cropped-my-police-logo-e1517646646330-1.png","width":248,"height":228,"caption":"ozmypolice"},"image":{"@id":"https:\/\/mypolice.sk\/#\/schema\/logo\/image\/"}}]}},"_links":{"self":[{"href":"https:\/\/mypolice.sk\/index.php?rest_route=\/wp\/v2\/pages\/1258","targetHints":{"allow":["GET"]}}],"collection":[{"href":"https:\/\/mypolice.sk\/index.php?rest_route=\/wp\/v2\/pages"}],"about":[{"href":"https:\/\/mypolice.sk\/index.php?rest_route=\/wp\/v2\/types\/page"}],"author":[{"embeddable":true,"href":"https:\/\/mypolice.sk\/index.php?rest_route=\/wp\/v2\/users\/1"}],"replies":[{"embeddable":true,"href":"https:\/\/mypolice.sk\/index.php?rest_route=%2Fwp%2Fv2%2Fcomments&post=1258"}],"version-history":[{"count":5,"href":"https:\/\/mypolice.sk\/index.php?rest_route=\/wp\/v2\/pages\/1258\/revisions"}],"predecessor-version":[{"id":1270,"href":"https:\/\/mypolice.sk\/index.php?rest_route=\/wp\/v2\/pages\/1258\/revisions\/1270"}],"wp:attachment":[{"href":"https:\/\/mypolice.sk\/index.php?rest_route=%2Fwp%2Fv2%2Fmedia&parent=1258"}],"curies":[{"name":"wp","href":"https:\/\/api.w.org\/{rel}","templated":true}]}}